ple of 186?
False
Does 10 divide 523470?
True
Is 1158 a factor of 2079768?
True
Is 19896 a multiple of 7?
False
Is 27 a factor of 34740?
False
Does 295 divide 396505?
False
Does 23 divide 8787196?
True
Is 28512 a multiple of 173?
False
Does 6 divide 975043?
False
Is 4 a factor of 2152900?
True
Does 52 divide 6385288?
True
Does 16 divide 590876?
False
Is 23 a factor of 412900?
False
Is 23184 a multiple of 87?
False
Does 231 divide 96696?
False
Is 7895545 a multiple of 217?
True
Is 5 a factor of 15800?
True
Is 6 a factor of 100620?
True
Does 28 divide 466060?
True
Is 3 a factor of 100239?
True
Is 77 a factor of 674571?
False
Is 7 a factor of 31171?
True
Is 936811 a multiple of 71?
False
Is 177 a factor of 536279?
False
Is 125 a factor of 160655?
False
Does 83 divide 2179013?
False
Does 194 divide 32204?
True
Does 53 divide 996100?
False
Is 2289680 a multiple of 16?
True
Is 51 a factor of 50640?
False
Does 978 divide 8216354?
False
Does 558 divide 1228716?
True
Is 80 a factor of 3238000?
True
Is 2365040 a multiple of 136?
True
Does 43 divide 9116?
True
Does 544 divide 292128?
True
Does 12 divide 186168?
True
Is 449 a factor of 738557?
False
Does 20 divide 1384823?
False
Does 9 divide 490366?
False
Is 51 a factor of 1060115?
False
Is 103 a factor of 2405153?
True
Does 122 divide 277382?
False
Is 879583 a multiple of 126?
False
Is 242 a factor of 530464?
True
Is 683267 a multiple of 790?
False
Is 54861 a multiple of 29?
False
Is 811 a factor of 1848685?
False
Is 303 a factor of 136047?
True
Is 463 a factor of 3073959?
False
Is 143645 a multiple of 31?
False
Does 11 divide 137640?
False
Does 20 divide 602473?
False
Is 495 a factor of 197971?
False
Is 50 a factor of 3400?
True
Is 152 a factor of 198353?
False
Does 478 divide 1596907?
False
Does 127 divide 2133028?
False
Is 388 a factor of 2807568?
True
Is 10 a factor of 9239603?
False
Is 12 a factor of 1321824?
True
Is 5972498 a multiple of 133?
True
Is 73435 a multiple of 148?
False
Is 493210 a multiple of 62?
True
Does 51 divide 134161?
False
Is 7850325 a multiple of 25?
True
Is 100 a factor of 1699000?
True
Is 744447 a multiple of 33?
True
Is 7240590 a multiple of 7?
True
Is 358 a factor of 189024?
True
Is 20875775 a multiple of 1775?
True
Is 54396 a multiple of 28?
False
Does 7 divide 885059?
True
Is 15813 a multiple of 22?
False
Does 24 divide 1782290?
False
Does 2 divide 110510?
True
Is 560510 a multiple of 33?
False
Does 2 divide 4058589?
False
Does 16 divide 5684752?
True
Is 16 a factor of 10208?
True
Is 22 a factor of 963050?
True
Does 187 divide 23739117?
False
Is 18 a factor of 7008102?
True
Is 63799 a multiple of 52?
False
Does 25 divide 390750?
True
Is 59 a factor of 1582760?
False
Is 92869 a multiple of 7?
True
Is 11 a factor of 2985789?
False
Does 64 divide 14528?
True
Does 66 divide 145464?
True
Does 441 divide 858627?
True
Is 35 a factor of 6480072?
False
Does 11 divide 8449463?
True
Is 54740 a multiple of 70?
True
Is 3736644 a multiple of 323?
False
Is 57 a factor of 344618?
False
Does 31 divide 2718793?
True
Is 777166 a multiple of 28?
False
Is 634600 a multiple of 56?
False
Is 751260 a multiple of 12?
True
Does 24 divide 2025984?
True
Is 102985 a multiple of 21?
False
Does 271 divide 960695?
True
Is 3 a factor of 2969793?
True
Is 494980 a multiple of 10?
True
Does 45 divide 184409?
False
Is 11 a factor of 5005209?
True
Is 10845231 a multiple of 545?
False
Is 143 a factor of 97526?
True
Is 2119215 a multiple of 35?
True
Does 448 divide 78897?
False
Is 80 a factor of 13696057?
False
Is 77476 a multiple of 549?
False
Is 11 a factor of 581372?
True
Does 10 divide 915586?
False
Does 15 divide 1186221?
False
Does 105 divide 5429440?
False
Is 3629548 a multiple of 626?
True
Does 20 divide 76561?
False
Is 628701 a multiple of 134?
False
Is 14602315 a multiple of 65?
True
Is 267 a factor of 434620?
False
Is 165767 a multiple of 88?
False
Does 25 divide 802062?
False
Is 418079 a multiple of 14?
False
Does 1396 divide 11858581?
False
Does 5 divide 8852?
False
Is 1834149 a multiple of 86?
False
Does 64 divide 112217?
False
Is 32 a factor of 510208?
True
Is 100 a factor of 841600?
True
Does 82 divide 241054?
False
Does 387 divide 1439419?
False
Is 30108719 a multiple of 35?
False
Does 10 divide 130630?
True
Is 794674 a multiple of 23?
False
Is 1082 a factor of 2969604?
False
Is 1968015 a multiple of 4?
False
Is 172224 a multiple of 312?
True
Does 62 divide 75888?
True
Is 81300 a multiple of 72?
False
Is 659 a factor of 206267?
True
Does 220 divide 4818610?
False
Is 131833 a multiple of 9?
False
Is 15 a factor of 9630?
True
Does 45 divide 20475?
True
Is 1366248 a multiple of 13?
True
Is 3 a factor of 97815?
True
Does 10 divide 226018?
False
Does 24 divide 8229744?
True
Does 122 divide 12895994?
False
Is 15105337 a multiple of 447?
False
Does 532 divide 318116?
False
Does 10 divide 347250?
True
Does 480 divide 67158?
False
Is 282953 a multiple of 29?
True
Is 190 a factor of 959948?
False
Is 10342 a multiple of 12?
False
Is 3001083 a multiple of 12?
False
Is 11 a factor of 320507?
True
Is 1166752 a multiple of 31?
False
Is 22 a factor of 239741?
False
Does 29 divide 16632?
False
Is 3324242 a multiple of 9?
False
Does 33 divide 151724?
False
Is 305088 a multiple of 48?
True
Does 470 divide 5228157?
False
Is 488336 a multiple of 51?
False
Is 124348 a multiple of 8?
False
Is 145290 a multiple of 13?
False
Does 1234 divide 3420724?
False
Is 391379 a multiple of 264?
False
Does 13 divide 340639?
True
Does 185 divide 27352990?
True
Does 201 divide 1159093?
False
Does 13 divide 90504?
False
Does 201 divide 232697?
False
Is 814 a factor of 40058568?
True
Does 13 divide 6755643?
False
Is 15848570 a multiple of 1950?
False
Is 481885 a multiple of 13?
False
Is 5538585 a multiple of 195?
True
Is 225 a factor of 3660340?
False
Does 676 divide 329593?
False
Is 127738 a multiple of 57?
False
Does 12 divide 2006583?
False
Does 5 divide 3760?
True
Is 114 a factor of 336756?
True
Is 400 a factor of 431600?
True
Is 112489 a multiple of 63?
False
Does 25 divide 3600500?
True
Does 7 divide 1557189?
False
Is 45 a factor of 5743530?
True
Is 6744083 a multiple of 348?
False
Is 1799955 a multiple of 249?
False
Does 215 divide 1106860?
False
Is 572 a factor of 2634060?
True
Is 222247 a multiple of 94?
False
Is 41 a factor of 1541962?
False
Is 16 a factor of 61552?
True
Is 704 a factor of 492096?
True
Is 430187 a multiple of 4?
False
Is 1259 a factor of 3999843?
True
Is 90410 a multiple of 6?
False
Is 29 a factor of 52142?
True
Does 5 divide 991663?
False
Is 1206241 a multiple of 11?
False
Is 44 a factor of 1119596?
False
Is 670 a factor of 20673?
False
Does 21 divide 4702509?
True
Is 1031264 a multiple of 104?
True
Is 13 a factor of 403?
True
Does 7 divide 97153?
True
Does 414 divide 321264?
True
Is 21 a factor of 505023?
False
Is 40184 a multiple of 4?
True
Is 2255976 a multiple of 12?
True
Is 84 a factor of 395220?
True
Is 378 a factor of 862974?
True
Is 5950004 a multiple of 42?
False
Is 96777 a multiple of 25?
False
Is 10 a factor of 3202421?
False
Does 8 divide 69016?
True
Does 38 divide 7029921?
False
Does 16 divide 11371297?
False
Does 5 divide 220286?
False
Is 1460168 a multiple of 1022?
False
Does 706 divide 750834?
False
Is 158089 a multiple of 149?
True
Is 17 a factor of 1679974?
True
Does 22 divide 4123625?
False
Is 543660 a multiple of 244?
False
Is 110 a factor of 103180?
True
Does 11 divide 764401?
True
Is 6 a factor of 16254?
True
Is 4 a factor of 686675?
False
Is 239998 a multiple of 11?
True
Is 10 a factor of 823197?
False
Is 54 a factor of 10427964?
False
Is 8256261 a multiple of 983?
False
Does 141 divide 11011?
False
Does 10 divide 13990?
True
Does 16 divide 77083?
False
Does 20 divide 320?
True
Is 1873907 a multiple of 167?
True
Is 8236709 a multiple of 372?
False
Is 7070 a multiple of 5?
True
Is 47 a factor of 30259?
False
Is 9 a factor of 2016542?
False
Is 82 a factor of 423772?
False
Is 29568 a multiple of 21?
True
Does 3 divide 151512?
True
Is 6 a factor of 1567252?
False
Does 85 divide 216724?
False
Does 1067 divide 4258552?
False
Is 136231 a multiple of 113?
False
Is 1043 a factor of 24511543?
True
Is 38 a factor of 118332?
True
Is 255840 a multiple of 13?
True
Is 12 a factor of 540456?
Tr